50372
In base 3, what is 2011 + -10101021210101?
-10101021201020
In base 16, what is -92b81 - -4c4?
-926bd
In base 15, what is 6 + -5bead1?
-5beaca
In base 7, what is -2605 - 3015?
-5623
In base 11, what is 983 - 431491?
-430609
In base 7, what is 106 + -105440?
-105331
In base 16, what is -15a1396 - 2c?
-15a13c2
In base 13, what is 118149 - -33?
11817c
In base 11, what is 225327 - -16?
225342
In base 15, what is a32aa5 + -24?
a32a81
In base 15, what is 7b374 + 2bc?
7b641
In base 10, what is 3801606 - 3?
3801603
In base 15, what is -2c0c748 + 3?
-2c0c745
In base 15, what is b172d6a + 4?
b172d6e
In base 14, what is -a - -941a3bc?
941a3b2
In base 11, what is 83149719 + 4?
83149722
In base 9, what is -265675141 - 0?
-265675141
In base 2, what is -11010001110010111110 - -100?
-11010001110010111010
In base 12, what is -5 + -ab89807?
-ab89810
In base 7, what is -21265420 + -14?
-21265434
In base 13, what is 648347a + -23?
6483457
In base 11, what is a07779 + 30?
a077a9
In base 4, what is -32320330232131 + 11?
-32320330232120
In base 15, what is 7d - c342b9?
-c3423b
In base 7, what is -1 + -20621640?
-20621641
In base 12, what is 58a9 + 315?
6002
In base 14, what is -11b268c + 5d?
-11b262d
In base 15, what is 8d - -2b83d1?
2b846e
In base 10, what is -5 - 19967938?
-19967943
In base 6, what is 14 + 1102551342?
1102551400
In base 16, what is 50c0c + 2b9?
50ec5
In base 8, what is 322721340 - 1?
322721337
In base 14, what is 5 - -17a2a94?
17a2a99
In base 12, what is -ab270367 - -3?
-ab270364
In base 16, what is -cf + -24d818?
-24d8e7
In base 8, what is -3 + 75531503?
75531500
In base 4, what is 0 + -113002101100?
-113002101100
In base 14, what is 2a8 - -1499?
1763
In base 2, what is 111100 + -10000111101000111111001?
-10000111101000110111101
In base 2, what is 11001101000 + 101010110101?
1000100011101
In base 9, what is -70771763 - -5?
-70771757
In base 7, what is -24454 + 151?
-24303
In base 15, what is ba71c + -4d?
ba6be
In base 2, what is -1 - 10100110101101110000100101?
-10100110101101110000100110
In base 3, what is -1102111021221010 - -10?
-1102111021221000
In base 15, what is -6eb09a06 + -1?
-6eb09a07
In base 7, what is 354513322 - -5?
354513330
In base 12, what is 29 + -75869?
-75840
In base 5, what is -42221104 + -233?
-42221342
In base 6, what is 3550411234 + 11?
3550411245
In base 12, what is 10baa682 + -2?
10baa680
In base 9, what is -1 + -27406547?
-27406548
In base 3, what is -10 - -20122021221?
20122021211
In base 5, what is -230444220 + 423?
-230443242
In base 3, what is 201000112200111 + -11?
201000112200100
In base 4, what is 22 - 111313220222?
-111313220200
In base 9, what is -76 - 10272268?
-10272355
In base 14, what is -8c59 + -10b?
-8d66
In base 2, what is -1011100100 + -11111101010100?
-100001000111000
In base 2, what is -10000110100000101000 + -100?
-10000110100000101100
In base 13, what is -25a - -c9926?
c9699
In base 6, what is 3210114 - 4353?
3201321
In base 8, what is -2120674 - 304?
-2121200
In base 12, what is 25025 + 1380?
263a5
In base 10, what is 36 - 443636?
-443600
In base 7, what is -20136 + 300661?
250522
In base 6, what is -1110 - -33152?
32042
In base 3, what is 1021200112101 - -1011?
1021200120112
In base 14, what is 5 - -b7376ca?
b7376d1
In base 11, what is a57 + 24580?
25527
In base 13, what is 5cc1 + -baa?
5114
In base 10, what is -9754 + -4019?
-13773
In base 3, what is 120020022201102 + -12?
120020022201020
In base 13, what is 4142 - 2086?
2089
In base 12, what is -38 - -44a542?
44a506
In base 6, what is -11124202314 - 3?
-11124202321
In base 2, what is -1110100101011000011110101 + -100?
-1110100101011000011111001
In base 14, what is -1314cbc - a2?
-1314d80
In base 3, what is 102011121012001110 - 11?
102011121012001022
In base 6, what is 5 - -20034021255?
20034021304
In base 8, what is 5324660 + 1?
5324661
In base 9, what is 3551 - 113614?
-110053
In base 8, what is -5012 - 1675?
-6707
In base 4, what is -32300233 - 2011?
-32302310
In base 6, what is -320 + 144125302?
144124542
In base 5, what is 4041020 - 1030?
4034440
In base 9, what is 110107 - 31673?
67324
In base 2, what is 10010100011000111100 - -11100?
10010100011001011000
In base 16, what is -3 + 7bece?
7becb
In base 14, what is 3a3d9 + 7?
3a402
In base 11, what is 5 - -15531144?
15531149
In base 3, what is -2 - -11112110212002?
11112110212000
In base 11, what is 5998 + 24509?
2a3a6
In base 16, what is -340ac + 5a?
-34052
In base 5, what is 13413043013 + -22?
13413042441
In base 4, what is 2 + -12303221032122?
-12303221032120
In base 14, what is -18d651a - 5?
-18d6521
In base 4, what is -11013331 + -100333?
-11120330
In base 3, what is 10211101222102 - 201?
10211101221201
In base 13, what is 11a0 - -82ca?
949a
In base 15, what is 1a + 85c2c6?
85c2e1
In base 13, what is -9 + 222c70?
222c64
In base 11, what is -523186 + -4?
-52318a
In base 8, what is -277 - -222705?
222406
In base 12, what is -5746139 + 42?
-57460b7
In base 4, what is -213101330 + -222313?
-213330303
In base 11, what is -140 + -7a12?
-8052
In base 10, what is -622677 - -19?
-622658
In base 7, what is -3603336 - 10?
-3603346
In base 8, what is 0 + -16573614?
-16573614
In base 2, what is -10010 - 100001010001110100011110010?
-100001010001110100100000100
In base 16, what is 6467 - -9a?
6501
In base 10, what is 261496 + -332?
261164
In base 11, what is 44861 - -2643?
473a4
In base 2, what is -1000101010100110 - 110000001101001?
-1110101100001111
In base 12, what is 8 + 1b37762?
1b3776a
In base 15, what is -c819c + 190?
-c800c
In base 4, what is -22133023302 + -23?
-22133023331
In base 3, what is 10002202202101002201 - -12?
10002202202101002220
In base 5, what is 4331310242 + -4?
4331310233
In base 2, what is -101 + 110111100000101100100000?
110111100000101100011011
In base 3, what is -1112222 + -1012100010?
-1020220002
In base 15, what is 3 + -c818338?
-c818335
In base 3, what is 12 + -111222120011102001?
-111222120011101212
In base 8, what is -376223 - -102?
-376121
In base 6, what is 2423023155 + 40?
2423023235
In base 11, what is -1585 - -196692?
195108
In base 15, what is -c + -5142?
-514e
In base 11, what is 8836 + -3743a?
-29704
In base 10, what is -1663 + -606298?
-607961
In base 16, what is -34ade4 + -2b?
-34ae0f
In base 12, what is -26091 + -19?
-260aa
In base 7, what is 3 - -15653454?
15653460
In base 16, what is 2a - a150b8?
-a1508e
In base 8, what is -73 - 24642?
-24735
In base 11, what is 544 + 44340?
44884
In base 16, what is -d9 + -58adb?
-58bb4
In base 12, what is 74854b7 + 18?
7485513
In base 16, what is 1dc48 - f15?
1cd33
In base 16, what is -85e - -34fd?
2c9f
In base 13, what is 253c9 + -714?
249b5
In base 15, what is 2865 - -26?
288b
In base 10, what is -182754 - -554?
-182200
In base 7, what is -36 - -10566621?
10566552
In base 8, what is -3 + -405124712?
-405124715
In base 7, what is 1160610 - -613?
1161523
In base 7, what is -146002 + 3163?
-142506
In base 8, what is 10440672 + 6?
10440700
In base 3, what is 112 - 21000110010221?
-21000110010102
In base 14, what is 0 - 1ddd2?
-1ddd2
In base 13, what is 350a - 3b8?
3122
In base 5, what is -2141233103 - -31?
-2141233022
In base 2, what is -10000111 - -1000011011100111010?
1000011011010110011
In base 3, what is 21211200120020000 - 11?
21211200120012212
In base 4, what is -211122001233 - -332?
-211122000301
In base 2, what is 110101011010100 - 1001010010001?
101100001000011
In base 3, what is -102220 + -11220000011?
-11220110001
In base 12, what is -15307b8 - 10?
-1530808
In base 6, what is 1 - 34042121055?
-34042121054
In base 12, what is -4 - -a6b109?
a6b105
In base 7, what is -2633 - -20613?
14650
In base 9, what is 0 + 313036884?
313036884
In base 2, what is 101 - -11010000110001000110?
11010000110001001011
In base 6, what is -41 - 20135501?
-20135542
In base 9, what is 47 + 17788?
17846
In base 14, what is -23d + 240c51?
240a12
In base 14, what is -2 + ad890d?
ad890b
In base 4, what is -3330003 + 2333?
-3321010
In base 9, what is 2 + -6637232?
-6637230
In base 2, what is 110100110111000110000111010 + -11?
110100110111000110000110111
In base 3, what is -22002222220000 - 1?
-22002222220001
In base 4, what is -13 - 10103233322003?
-10103233322022
In base 10, what is -4850 + -788?
-5638
In base 12, what is -a17 - -749